[INFO] cloning repository https://github.com/yeliknewo/algorithm_art
[INFO] running `Command { std: "git" "-c" "credential.helper=" "-c" "credential.helper=/workspace/cargo-home/bin/git-credential-null" "clone" "--bare" "https://github.com/yeliknewo/algorithm_art" "/workspace/cache/git-repos/https%3A%2F%2Fgithub.com%2Fyeliknewo%2Falgorithm_art", kill_on_drop: false }`
[INFO] [stderr] Cloning into bare repository '/workspace/cache/git-repos/https%3A%2F%2Fgithub.com%2Fyeliknewo%2Falgorithm_art'...
[INFO] running `Command { std: "git" "rev-parse" "HEAD", kill_on_drop: false }`
[INFO] [stdout] 189669ca1cdabfa19a7d9bb67b293260abc18f72
[INFO] checking yeliknewo/algorithm_art against master#af3c6e733a40e671550e0f0f5aeecaa13772ba56 for pr-74989
[INFO] running `Command { std: "git" "clone" "/workspace/cache/git-repos/https%3A%2F%2Fgithub.com%2Fyeliknewo%2Falgorithm_art" "/workspace/builds/worker-0/source", kill_on_drop: false }`
[INFO] [stderr] Cloning into '/workspace/builds/worker-0/source'...
[INFO] [stderr] done.
[INFO] validating manifest of git repo https://github.com/yeliknewo/algorithm_art on toolchain af3c6e733a40e671550e0f0f5aeecaa13772ba56
[INFO] running `Command { std: "/workspace/cargo-home/bin/cargo" "+af3c6e733a40e671550e0f0f5aeecaa13772ba56" "read-manifest" "--manifest-path" "Cargo.toml", kill_on_drop: false }`
[INFO] started tweaking git repo https://github.com/yeliknewo/algorithm_art
[INFO] finished tweaking git repo https://github.com/yeliknewo/algorithm_art
[INFO] tweaked toml for git repo https://github.com/yeliknewo/algorithm_art written to /workspace/builds/worker-0/source/Cargo.toml
[INFO] crate git repo https://github.com/yeliknewo/algorithm_art already has a lockfile, it will not be regenerated
[INFO] running `Command { std: "/workspace/cargo-home/bin/cargo" "+af3c6e733a40e671550e0f0f5aeecaa13772ba56" "fetch" "--locked" "--manifest-path" "Cargo.toml", kill_on_drop: false }`
[INFO] [stderr] error: the lock file /workspace/builds/worker-0/source/Cargo.lock needs to be updated but --locked was passed to prevent this
[INFO] [stderr] If you want to try to generate the lock file without accessing the network, use the --offline flag.
[INFO] the lockfile is outdated, regenerating it
[INFO] running `Command { std: "/workspace/cargo-home/bin/cargo" "+af3c6e733a40e671550e0f0f5aeecaa13772ba56" "generate-lockfile" "--manifest-path" "Cargo.toml" "-Zno-index-update", kill_on_drop: false }`
[INFO] running `Command { std: "/workspace/cargo-home/bin/cargo" "+af3c6e733a40e671550e0f0f5aeecaa13772ba56" "fetch" "--locked" "--manifest-path" "Cargo.toml", kill_on_drop: false }`
[INFO] running `Command { std: "docker" "create" "-v" "/var/lib/crater-agent-workspace/builds/worker-0/target:/opt/rustwide/target:rw,Z" "-v" "/var/lib/crater-agent-workspace/builds/worker-0/source:/opt/rustwide/workdir:ro,Z" "-v" "/var/lib/crater-agent-workspace/cargo-home:/opt/rustwide/cargo-home:ro,Z" "-v" "/var/lib/crater-agent-workspace/rustup-home:/opt/rustwide/rustup-home:ro,Z" "-e" "SOURCE_DIR=/opt/rustwide/workdir" "-e" "CARGO_TARGET_DIR=/opt/rustwide/target" "-e" "CARGO_HOME=/opt/rustwide/cargo-home" "-e" "RUSTUP_HOME=/opt/rustwide/rustup-home" "-w" "/opt/rustwide/workdir" "-m" "1610612736" "--user" "0:0" "--network" "none" "rustops/crates-build-env@sha256:d92eaeed33fa75130ca1ee6c8a01d1ffb62bac859dfdfb3450e3e5d1c0146529" "/opt/rustwide/cargo-home/bin/cargo" "+af3c6e733a40e671550e0f0f5aeecaa13772ba56" "metadata" "--no-deps" "--format-version=1", kill_on_drop: false }`
[INFO] [stderr] WARNING: Your kernel does not support swap limit capabilities or the cgroup is not mounted. Memory limited without swap.
[INFO] [stdout] 4b0c80343273a3d27b9500b1b10d8b6ffc89aa77fc90306cee395dfad3d7020e
[INFO] running `Command { std: "docker" "start" "-a" "4b0c80343273a3d27b9500b1b10d8b6ffc89aa77fc90306cee395dfad3d7020e", kill_on_drop: false }`
[INFO] running `Command { std: "docker" "inspect" "4b0c80343273a3d27b9500b1b10d8b6ffc89aa77fc90306cee395dfad3d7020e", kill_on_drop: false }`
[INFO] running `Command { std: "docker" "rm" "-f" "4b0c80343273a3d27b9500b1b10d8b6ffc89aa77fc90306cee395dfad3d7020e", kill_on_drop: false }`
[INFO] [stdout] 4b0c80343273a3d27b9500b1b10d8b6ffc89aa77fc90306cee395dfad3d7020e
[INFO] running `Command { std: "docker" "create" "-v" "/var/lib/crater-agent-workspace/builds/worker-0/target:/opt/rustwide/target:rw,Z" "-v" "/var/lib/crater-agent-workspace/builds/worker-0/source:/opt/rustwide/workdir:ro,Z" "-v" "/var/lib/crater-agent-workspace/cargo-home:/opt/rustwide/cargo-home:ro,Z" "-v" "/var/lib/crater-agent-workspace/rustup-home:/opt/rustwide/rustup-home:ro,Z" "-e" "SOURCE_DIR=/opt/rustwide/workdir" "-e" "CARGO_TARGET_DIR=/opt/rustwide/target" "-e" "CARGO_INCREMENTAL=0" "-e" "RUST_BACKTRACE=full" "-e" "RUSTFLAGS=--cap-lints=forbid" "-e" "CARGO_HOME=/opt/rustwide/cargo-home" "-e" "RUSTUP_HOME=/opt/rustwide/rustup-home" "-w" "/opt/rustwide/workdir" "-m" "1610612736" "--user" "0:0" "--network" "none" "rustops/crates-build-env@sha256:d92eaeed33fa75130ca1ee6c8a01d1ffb62bac859dfdfb3450e3e5d1c0146529" "/opt/rustwide/cargo-home/bin/cargo" "+af3c6e733a40e671550e0f0f5aeecaa13772ba56" "check" "--frozen" "--all" "--all-targets" "--message-format=json", kill_on_drop: false }`
[INFO] [stdout] 1f4eb76ecc918dabaa155110f090a7220a579b334eba94355a706b110acfc998
[INFO] [stderr] WARNING: Your kernel does not support swap limit capabilities or the cgroup is not mounted. Memory limited without swap.
[INFO] running `Command { std: "docker" "start" "-a" "1f4eb76ecc918dabaa155110f090a7220a579b334eba94355a706b110acfc998", kill_on_drop: false }`
[INFO] [stderr]    Compiling autocfg v1.0.1
[INFO] [stderr]    Compiling libc v0.2.77
[INFO] [stderr]    Compiling rand_core v0.4.2
[INFO] [stderr]    Compiling autocfg v0.1.7
[INFO] [stderr]    Compiling log v0.4.11
[INFO] [stderr]     Checking cfg-if v0.1.10
[INFO] [stderr]    Compiling siphasher v0.2.3
[INFO] [stderr]     Checking lazy_static v1.4.0
[INFO] [stderr]     Checking bitflags v0.7.0
[INFO] [stderr]    Compiling maybe-uninit v2.0.0
[INFO] [stderr]    Compiling byteorder v1.3.4
[INFO] [stderr]    Compiling itoa v0.3.4
[INFO] [stderr]    Compiling serde v0.9.15
[INFO] [stderr]    Compiling dtoa v0.4.6
[INFO] [stderr]    Compiling bitflags v1.2.1
[INFO] [stderr]     Checking rustc-serialize v0.3.24
[INFO] [stderr]    Compiling bitflags v0.9.1
[INFO] [stderr]    Compiling rayon-core v1.8.0
[INFO] [stderr]     Checking scopeguard v1.1.0
[INFO] [stderr]     Checking piston-float v0.2.0
[INFO] [stderr]    Compiling khronos_api v1.0.1
[INFO] [stderr]     Checking lazy_static v0.2.11
[INFO] [stderr]    Compiling cc v1.0.59
[INFO] [stderr]    Compiling winapi-build v0.1.1
[INFO] [stderr]    Compiling khronos_api v2.2.0
[INFO] [stderr]     Checking lzw v0.10.0
[INFO] [stderr]     Checking either v1.6.0
[INFO] [stderr]     Checking color_quant v1.0.1
[INFO] [stderr]     Checking lazy_static v0.1.16
[INFO] [stderr]     Checking bitflags v0.6.0
[INFO] [stderr]     Checking winapi v0.2.8
[INFO] [stderr]     Checking byteorder v0.5.3
[INFO] [stderr]     Checking crossbeam v0.2.12
[INFO] [stderr]    Compiling pkg-config v0.3.18
[INFO] [stderr]     Checking shader_version v0.2.2
[INFO] [stderr]     Checking adler32 v1.2.0
[INFO] [stderr]     Checking scoped_threadpool v0.1.9
[INFO] [stderr]    Compiling arrayvec v0.4.12
[INFO] [stderr]     Checking inflate v0.1.1
[INFO] [stderr]     Checking piston-texture v0.5.0
[INFO] [stderr]     Checking nodrop v0.1.14
[INFO] [stderr]     Checking glob v0.2.11
[INFO] [stderr]     Checking linked-hash-map v0.5.3
[INFO] [stderr]     Checking read_color v0.1.0
[INFO] [stderr]     Checking interpolation v0.1.0
[INFO] [stderr]     Checking piston-shaders_graphics2d v0.2.1
[INFO] [stderr]     Checking bytemuck v1.4.1
[INFO] [stderr]     Checking find_folder v0.3.0
[INFO] [stderr]     Checking conrod v0.62.1
[INFO] [stderr]    Compiling phf_shared v0.7.24
[INFO] [stderr]    Compiling xml-rs v0.6.1
[INFO] [stderr]    Compiling xml-rs v0.3.6
[INFO] [stderr]     Checking piston-viewport v0.2.0
[INFO] [stderr]     Checking vecmath v0.2.0
[INFO] [stderr]    Compiling rand_core v0.3.1
[INFO] [stderr]    Compiling rand_jitter v0.1.4
[INFO] [stderr]     Checking draw_state v0.6.0
[INFO] [stderr]    Compiling kernel32-sys v0.2.2
[INFO] [stderr]     Checking gif v0.9.2
[INFO] [stderr]     Checking gif v0.10.3
[INFO] [stderr]     Checking miniz_oxide v0.3.7
[INFO] [stderr]    Compiling num-traits v0.2.12
[INFO] [stderr]    Compiling crossbeam-utils v0.7.2
[INFO] [stderr]    Compiling num-integer v0.1.43
[INFO] [stderr]    Compiling memoffset v0.5.5
[INFO] [stderr]    Compiling crossbeam-epoch v0.8.2
[INFO] [stderr]    Compiling num-iter v0.1.41
[INFO] [stderr]    Compiling rayon v1.4.0
[INFO] [stderr]    Compiling num-rational v0.3.0
[INFO] [stderr]    Compiling rand_pcg v0.1.2
[INFO] [stderr]    Compiling rand_chacha v0.1.1
[INFO] [stderr]    Compiling rand v0.6.5
[INFO] [stderr]    Compiling rand_xorshift v0.1.1
[INFO] [stderr]    Compiling rand_hc v0.1.0
[INFO] [stderr]    Compiling rand_isaac v0.1.1
[INFO] [stderr]    Compiling phf v0.7.24
[INFO] [stderr]     Checking piston2d-graphics v0.17.3
[INFO] [stderr]     Checking crc32fast v1.2.0
[INFO] [stderr]    Compiling x11-dl v2.18.5
[INFO] [stderr]    Compiling xml-rs v0.7.0
[INFO] [stderr]    Compiling wayland-scanner v0.5.11
[INFO] [stderr]     Checking log v0.3.9
[INFO] [stderr]     Checking stb_truetype v0.3.1
[INFO] [stderr]     Checking deflate v0.8.6
[INFO] [stderr]     Checking tiff v0.5.0
[INFO] [stderr]     Checking gfx_core v0.4.0
[INFO] [stderr]     Checking pistoncore-input v0.14.0
[INFO] [stderr]    Compiling gl_generator v0.5.5
[INFO] [stderr]     Checking rand v0.4.6
[INFO] [stderr]     Checking num_cpus v1.13.0
[INFO] [stderr]     Checking fs2 v0.2.5
[INFO] [stderr]     Checking shared_library v0.1.9
[INFO] [stderr]     Checking time v0.1.44
[INFO] [stderr]    Compiling rand_os v0.1.3
[INFO] [stderr]     Checking crossbeam-channel v0.4.4
[INFO] [stderr]     Checking stb_truetype v0.2.8
[INFO] [stderr]    Compiling miniz-sys v0.1.12
[INFO] [stderr]     Checking memmap v0.2.3
[INFO] [stderr]    Compiling gl_generator v0.6.1
[INFO] [stderr]     Checking png v0.16.7
[INFO] [stderr]    Compiling wayland-client v0.5.12
[INFO] [stderr]     Checking osmesa-sys v0.1.2
[INFO] [stderr]     Checking rusttype v0.2.4
[INFO] [stderr]     Checking pistoncore-window v0.22.1
[INFO] [stderr]     Checking crossbeam-deque v0.7.3
[INFO] [stderr]     Checking num-traits v0.1.43
[INFO] [stderr]     Checking pistoncore-event_loop v0.25.1
[INFO] [stderr]     Checking enum_primitive v0.1.1
[INFO] [stderr]     Checking num-bigint v0.1.44
[INFO] [stderr]     Checking rand v0.3.23
[INFO] [stderr]     Checking piston v0.25.1
[INFO] [stderr]    Compiling serde_json v0.9.10
[INFO] [stderr]     Checking tempfile v2.2.0
[INFO] [stderr]     Checking flate2 v0.2.20
[INFO] [stderr]    Compiling gfx_gl v0.3.1
[INFO] [stderr]    Compiling glutin v0.6.2
[INFO] [stderr]    Compiling gl v0.6.5
[INFO] [stderr]     Checking png v0.5.2
[INFO] [stderr]     Checking num-rational v0.1.42
[INFO] [stderr]     Checking gfx v0.12.2
[INFO] [stderr]    Compiling phf_generator v0.7.24
[INFO] [stderr]    Compiling phf_codegen v0.7.24
[INFO] [stderr]    Compiling target_build_utils v0.3.1
[INFO] [stderr]     Checking jpeg-decoder v0.1.20
[INFO] [stderr]     Checking image v0.10.4
[INFO] [stderr]     Checking image v0.23.9
[INFO] [stderr]     Checking gfx_device_gl v0.11.2
[INFO] [stderr]     Checking piston-gfx_texture v0.17.0
[INFO] [stderr]     Checking piston2d-gfx_graphics v0.31.2
[INFO] [stderr]    Compiling libloading v0.3.4
[INFO] [stderr]     Checking dlib v0.3.1
[INFO] [stderr]     Checking wayland-sys v0.5.11
[INFO] [stderr]     Checking wayland-window v0.2.3
[INFO] [stderr]     Checking wayland-kbd v0.3.6
[INFO] [stderr]     Checking pistoncore-glutin_window v0.29.0
[INFO] [stderr]     Checking piston_window v0.52.0
[INFO] [stderr]     Checking algorithm_art v0.1.0 (/opt/rustwide/workdir)
[INFO] [stdout] error[E0432]: unresolved imports `conrod::color`, `conrod::widget`, `conrod::Colorable`, `conrod::Positionable`, `conrod::Sizeable`, `conrod::Widget`
[INFO] [stdout]    --> src/main.rs:105:30
[INFO] [stdout]     |
[INFO] [stdout] 105 |                 use conrod::{color, widget, Colorable, Positionable, Sizeable, Widget}; //, Borderable
[INFO] [stdout]     |                              ^^^^^  ^^^^^^  ^^^^^^^^^  ^^^^^^^^^^^^  ^^^^^^^^  ^^^^^^ no `Widget` in the root
[INFO] [stdout]     |                              |      |       |          |             |
[INFO] [stdout]     |                              |      |       |          |             no `Sizeable` in the root
[INFO] [stdout]     |                              |      |       |          no `Positionable` in the root
[INFO] [stdout]     |                              |      |       no `Colorable` in the root
[INFO] [stdout]     |                              |      no `widget` in the root
[INFO] [stdout]     |                              no `color` in the root
[INFO] [stdout] 
[INFO] [stdout] 
[INFO] [stdout] error: cannot find macro `widget_ids` in this scope
[INFO] [stdout]   --> src/main.rs:10:1
[INFO] [stdout]    |
[INFO] [stdout] 10 | widget_ids!(
[INFO] [stdout]    | ^^^^^^^^^^
[INFO] [stdout] 
[INFO] [stdout] 
[INFO] [stdout] error: cannot find macro `image_map` in this scope
[INFO] [stdout]   --> src/main.rs:66:25
[INFO] [stdout]    |
[INFO] [stdout] 66 |     let mut image_map = image_map! {
[INFO] [stdout]    |                         ^^^^^^^^^
[INFO] [stdout] 
[INFO] [stdout] 
[INFO] [stdout] error[E0432]: unresolved imports `conrod::color`, `conrod::widget`, `conrod::Colorable`, `conrod::Positionable`, `conrod::Sizeable`, `conrod::Widget`
[INFO] [stdout]    --> src/main.rs:105:30
[INFO] [stdout]     |
[INFO] [stdout] 105 |                 use conrod::{color, widget, Colorable, Positionable, Sizeable, Widget}; //, Borderable
[INFO] [stdout]     |                              ^^^^^  ^^^^^^  ^^^^^^^^^  ^^^^^^^^^^^^  ^^^^^^^^  ^^^^^^ no `Widget` in the root
[INFO] [stdout]     |                              |      |       |          |             |
[INFO] [stdout]     |                              |      |       |          |             no `Sizeable` in the root
[INFO] [stdout]     |                              |      |       |          no `Positionable` in the root
[INFO] [stdout]     |                              |      |       no `Colorable` in the root
[INFO] [stdout]     |                              |      no `widget` in the root
[INFO] [stdout]     |                              no `color` in the root
[INFO] [stdout] 
[INFO] [stdout] 
[INFO] [stdout] error: cannot find macro `widget_ids` in this scope
[INFO] [stdout]   --> src/main.rs:10:1
[INFO] [stdout]    |
[INFO] [stdout] 10 | widget_ids!(
[INFO] [stdout]    | ^^^^^^^^^^
[INFO] [stdout] 
[INFO] [stdout] 
[INFO] [stdout] error: cannot find macro `image_map` in this scope
[INFO] [stdout]   --> src/main.rs:66:25
[INFO] [stdout]    |
[INFO] [stdout] 66 |     let mut image_map = image_map! {
[INFO] [stdout]    |                         ^^^^^^^^^
[INFO] [stdout] 
[INFO] [stdout] 
[INFO] [stdout] error[E0433]: failed to resolve: could not find `UiBuilder` in `conrod`
[INFO] [stdout]   --> src/main.rs:48:26
[INFO] [stdout]    |
[INFO] [stdout] 48 |     let mut ui = conrod::UiBuilder::new().build();
[INFO] [stdout]    |                          ^^^^^^^^^ could not find `UiBuilder` in `conrod`
[INFO] [stdout] 
[INFO] [stdout] 
[INFO] [stdout] error[E0433]: failed to resolve: use of undeclared type or module `Ids`
[INFO] [stdout]   --> src/main.rs:50:15
[INFO] [stdout]    |
[INFO] [stdout] 50 |     let ids = Ids::new(ui.widget_id_generator());
[INFO] [stdout]    |               ^^^ use of undeclared type or module `Ids`
[INFO] [stdout] 
[INFO] [stdout] 
[INFO] [stdout] error[E0433]: failed to resolve: could not find `backend` in `conrod`
[INFO] [stdout]   --> src/main.rs:56:42
[INFO] [stdout]    |
[INFO] [stdout] 56 |     let mut text_texture_cache = conrod::backend::piston_window::GlyphCache::new(&mut window, WIDTH, HEIGHT);
[INFO] [stdout]    |                                          ^^^^^^^ could not find `backend` in `conrod`
[INFO] [stdout] 
[INFO] [stdout] 
[INFO] [stdout] error[E0433]: failed to resolve: could not find `backend` in `conrod`
[INFO] [stdout]   --> src/main.rs:77:34
[INFO] [stdout]    |
[INFO] [stdout] 77 |         if let Some(e) = conrod::backend::piston_window::convert_event(event.clone(), &window) {
[INFO] [stdout]    |                                  ^^^^^^^ could not find `backend` in `conrod`
[INFO] [stdout] 
[INFO] [stdout] 
[INFO] [stdout] error[E0433]: failed to resolve: could not find `backend` in `conrod`
[INFO] [stdout]    --> src/main.rs:116:25
[INFO] [stdout]     |
[INFO] [stdout] 116 |                 conrod::backend::piston_window::draw(
[INFO] [stdout]     |                         ^^^^^^^ could not find `backend` in `conrod`
[INFO] [stdout] 
[INFO] [stdout] 
[INFO] [stdout] warning: unused `#[macro_use]` import
[INFO] [stdout]  --> src/main.rs:1:1
[INFO] [stdout]   |
[INFO] [stdout] 1 | #[macro_use]
[INFO] [stdout]   | ^^^^^^^^^^^^
[INFO] [stdout]   |
[INFO] [stdout]   = note: `#[warn(unused_imports)]` on by default
[INFO] [stdout] 
[INFO] [stdout] 
[INFO] [stdout] error[E0433]: failed to resolve: could not find `UiBuilder` in `conrod`
[INFO] [stdout]   --> src/main.rs:48:26
[INFO] [stdout]    |
[INFO] [stdout] 48 |     let mut ui = conrod::UiBuilder::new().build();
[INFO] [stdout]    |                          ^^^^^^^^^ could not find `UiBuilder` in `conrod`
[INFO] [stdout] 
[INFO] [stdout] 
[INFO] [stdout] error[E0433]: failed to resolve: use of undeclared type or module `Ids`
[INFO] [stdout]   --> src/main.rs:50:15
[INFO] [stdout]    |
[INFO] [stdout] 50 |     let ids = Ids::new(ui.widget_id_generator());
[INFO] [stdout]    |               ^^^ use of undeclared type or module `Ids`
[INFO] [stdout] 
[INFO] [stdout] 
[INFO] [stdout] error[E0433]: failed to resolve: could not find `backend` in `conrod`
[INFO] [stdout]   --> src/main.rs:56:42
[INFO] [stdout]    |
[INFO] [stdout] 56 |     let mut text_texture_cache = conrod::backend::piston_window::GlyphCache::new(&mut window, WIDTH, HEIGHT);
[INFO] [stdout]    |                                          ^^^^^^^ could not find `backend` in `conrod`
[INFO] [stdout] 
[INFO] [stdout] 
[INFO] [stdout] error[E0433]: failed to resolve: could not find `backend` in `conrod`
[INFO] [stdout]   --> src/main.rs:77:34
[INFO] [stdout]    |
[INFO] [stdout] 77 |         if let Some(e) = conrod::backend::piston_window::convert_event(event.clone(), &window) {
[INFO] [stdout]    |                                  ^^^^^^^ could not find `backend` in `conrod`
[INFO] [stdout] 
[INFO] [stdout] 
[INFO] [stdout] error[E0433]: failed to resolve: could not find `backend` in `conrod`
[INFO] [stdout]    --> src/main.rs:116:25
[INFO] [stdout]     |
[INFO] [stdout] 116 |                 conrod::backend::piston_window::draw(
[INFO] [stdout]     |                         ^^^^^^^ could not find `backend` in `conrod`
[INFO] [stdout] 
[INFO] [stdout] 
[INFO] [stdout] warning: unused `#[macro_use]` import
[INFO] [stdout]  --> src/main.rs:1:1
[INFO] [stdout]   |
[INFO] [stdout] 1 | #[macro_use]
[INFO] [stdout]   | ^^^^^^^^^^^^
[INFO] [stdout]   |
[INFO] [stdout]   = note: `#[warn(unused_imports)]` on by default
[INFO] [stdout] 
[INFO] [stdout] 
[INFO] [stdout] error[E0308]: mismatched types
[INFO] [stdout]   --> src/main.rs:63:38
[INFO] [stdout]    |
[INFO] [stdout] 63 |         Texture::from_image(factory, &image_buffer, &settings).unwrap()
[INFO] [stdout]    |                                      ^^^^^^^^^^^^^ expected struct `image::buffer::ImageBuffer`, found struct `ImageBuffer`
[INFO] [stdout]    |
[INFO] [stdout]    = note: expected reference `&image::buffer::ImageBuffer<image::color::Rgba<u8>, Vec<u8>>`
[INFO] [stdout]               found reference `&ImageBuffer<Rgba<u8>, Vec<u8>>`
[INFO] [stdout] 
[INFO] [stdout] 
[INFO] [stdout] error: aborting due to 9 previous errors; 1 warning emitted
[INFO] [stdout] 
[INFO] [stdout] 
[INFO] [stdout] Some errors have detailed explanations: E0308, E0432, E0433.
[INFO] [stdout] 
[INFO] [stdout] For more information about an error, try `rustc --explain E0308`.
[INFO] [stdout] 
[INFO] [stderr] error: could not compile `algorithm_art`.
[INFO] [stderr] 
[INFO] [stderr] To learn more, run the command again with --verbose.
[INFO] [stderr] warning: build failed, waiting for other jobs to finish...
[INFO] [stdout] error[E0308]: mismatched types
[INFO] [stdout]   --> src/main.rs:63:38
[INFO] [stdout]    |
[INFO] [stdout] 63 |         Texture::from_image(factory, &image_buffer, &settings).unwrap()
[INFO] [stdout]    |                                      ^^^^^^^^^^^^^ expected struct `image::buffer::ImageBuffer`, found struct `ImageBuffer`
[INFO] [stdout]    |
[INFO] [stdout]    = note: expected reference `&image::buffer::ImageBuffer<image::color::Rgba<u8>, Vec<u8>>`
[INFO] [stdout]               found reference `&ImageBuffer<Rgba<u8>, Vec<u8>>`
[INFO] [stdout] 
[INFO] [stdout] 
[INFO] [stdout] error: aborting due to 9 previous errors; 1 warning emitted
[INFO] [stdout] 
[INFO] [stdout] 
[INFO] [stdout] Some errors have detailed explanations: E0308, E0432, E0433.
[INFO] [stdout] 
[INFO] [stdout] For more information about an error, try `rustc --explain E0308`.
[INFO] [stdout] 
[INFO] [stderr] error: build failed
[INFO] running `Command { std: "docker" "inspect" "1f4eb76ecc918dabaa155110f090a7220a579b334eba94355a706b110acfc998", kill_on_drop: false }`
[INFO] running `Command { std: "docker" "rm" "-f" "1f4eb76ecc918dabaa155110f090a7220a579b334eba94355a706b110acfc998", kill_on_drop: false }`
[INFO] [stdout] 1f4eb76ecc918dabaa155110f090a7220a579b334eba94355a706b110acfc998
